f 13?
True
Is 62 a factor of 3263054?
False
Is 43488 a multiple of 12?
True
Is 586107 a multiple of 5?
False
Is 6746004 a multiple of 5?
False
Is 72 a factor of 12076068?
False
Is 639043 a multiple of 149?
False
Does 14 divide 1953815?
False
Does 217 divide 4791360?
True
Is 369006 a multiple of 66?
True
Does 1177 divide 6712431?
True
Does 189 divide 134568?
True
Is 10 a factor of 7680?
True
Does 16 divide 338226?
False
Is 2140776 a multiple of 66?
True
Does 541 divide 416092?
False
Does 150 divide 4297713?
False
Is 812446 a multiple of 33?
False
Is 112 a factor of 821632?
True
Is 13 a factor of 7497?
False
Is 6424432 a multiple of 16?
True
Does 18 divide 402408?
True
Is 409768 a multiple of 136?
True
Is 6 a factor of 67128?
True
Is 13140 a multiple of 30?
True
Is 33 a factor of 54746?
False
Is 22187 a multiple of 17?
False
Is 8724779 a multiple of 426?
False
Is 482119 a multiple of 11?
True
Is 8601942 a multiple of 449?
True
Is 10 a factor of 120174?
False
Is 108138 a multiple of 67?
True
Is 56464 a multiple of 8?
True
Does 5 divide 445800?
True
Is 59 a factor of 1398949?
True
Does 17 divide 8279493?
True
Is 913 a factor of 8628763?
True
Is 27 a factor of 7826787?
True
Is 151244 a multiple of 156?
False
Does 26 divide 703014?
True
Is 82709 a multiple of 96?
False
Is 220125 a multiple of 50?
False
Is 395 a factor of 142955?
False
Does 5 divide 98750?
True
Is 450 a factor of 367650?
True
Is 11086460 a multiple of 976?
False
Does 6 divide 6972488?
False
Does 428 divide 310728?
True
Is 5796 a multiple of 6?
True
Does 147 divide 44100?
True
Is 3 a factor of 82450?
False
Is 5744895 a multiple of 13?
True
Is 68 a factor of 1976631?
False
Does 56 divide 1490525?
False
Is 329 a factor of 1267469?
False
Is 3386889 a multiple of 99?
True
Is 13 a factor of 2378116?
True
Does 15 divide 32283?
False
Is 6 a factor of 3635578?
False
Is 4 a factor of 24295?
False
Is 3035440 a multiple of 10?
True
Does 220 divide 1171053?
False
Does 264 divide 851928?
True
Does 22 divide 1980044?
True
Is 21393920 a multiple of 80?
True
Is 584075 a multiple of 18?
False
Is 981 a factor of 15468408?
True
Is 298337 a multiple of 32?
False
Is 24 a factor of 767400?
True
Is 8442 a multiple of 3?
True
Is 280488 a multiple of 403?
True
Is 7 a factor of 9639?
True
Does 12 divide 15348?
True
Is 17973 even?
False
Is 13 a factor of 40950?
True
Is 63568 a multiple of 16?
True
Is 61292 a multiple of 154?
True
Does 58 divide 1466027?
False
Does 81 divide 413258?
False
Is 17 a factor of 58004?
True
Is 42 a factor of 4327247?
False
Is 14 a factor of 24714?
False
Is 3193621 a multiple of 4?
False
Is 236852 a multiple of 44?
True
Is 1173760 a multiple of 56?
True
Does 365 divide 60590?
True
Is 375239 a multiple of 4?
False
Is 996138 a multiple of 1782?
True
Does 134 divide 9000645?
False
Is 888937 a multiple of 151?
True
Is 100 a factor of 9097400?
True
Is 185 a factor of 4983900?
True
Is 414275 a multiple of 160?
False
Is 565824 a multiple of 336?
True
Does 10 divide 51530?
True
Is 7 a factor of 541317?
True
Is 26 a factor of 4104698?
True
Is 8 a factor of 172939?
False
Is 69653 a multiple of 63?
False
Is 1605 a factor of 5359201?
False
Is 3 a factor of 32897?
False
Is 783240 a multiple of 40?
True
Is 15304730 a multiple of 7?
True
Is 2346403 a multiple of 60?
False
Is 1356934 a multiple of 1039?
True
Is 98416 a multiple of 16?
True
Is 549 a factor of 413946?
True
Is 118 a factor of 1350759?
False
Is 18449 a multiple of 10?
False
Is 24 a factor of 16810?
False
Is 31297 a multiple of 119?
True
Is 62 a factor of 1229150?
True
Does 16 divide 14298912?
True
Does 63 divide 64116?
False
Is 963470 a multiple of 118?
True
Is 379 a factor of 5196331?
False
Does 59 divide 90624?
True
Is 28814 a multiple of 235?
False
Does 17 divide 2633650?
False
Is 338386 a multiple of 137?
False
Does 80 divide 2405773?
False
Is 107 a factor of 103982?
False
Is 102593 a multiple of 19?
False
Does 324 divide 985329?
False
Is 132 a factor of 372768?
True
Does 90 divide 8010990?
True
Is 1072425 a multiple of 181?
True
Is 608694 a multiple of 207?
False
Is 93 a factor of 375720?
True
Is 34 a factor of 74735?
False
Is 5603444 a multiple of 98?
True
Does 100 divide 2071700?
True
Is 21 a factor of 726105?
False
Is 75 a factor of 522509?
False
Is 209816 a multiple of 109?
False
Is 595106 a multiple of 242?
False
Does 33 divide 372781?
False
Is 112 a factor of 59696?
True
Is 13 a factor of 1052008?
False
Does 51 divide 351826?
False
Does 13 divide 334630?
False
Does 194 divide 2351668?
True
Is 91920 a multiple of 87?
False
Does 394 divide 981944?
False
Is 153 a factor of 372249?
True
Is 1443100 a multiple of 20?
True
Is 1498 even?
True
Is 2971 a multiple of 4?
False
Does 5 divide 2592755?
True
Is 95 a factor of 164528?
False
Does 15 divide 143329?
False
Is 5864 a multiple of 7?
False
Is 1362 a factor of 2248662?
True
Does 100 divide 77540?
False
Is 291981 a multiple of 760?
False
Is 18 a factor of 522378?
True
Does 282 divide 64860?
True
Does 413 divide 204022?
True
Does 239 divide 4068975?
True
Does 5 divide 4767705?
True
Is 27 a factor of 3855438?
True
Is 11 a factor of 841984?
True
Is 3197 a multiple of 8?
False
Is 151 a factor of 1234425?
True
Does 201 divide 2923957?
False
Is 42 a factor of 50551?
False
Does 135 divide 13579?
False
Does 2 divide 465331?
False
Does 209 divide 12331?
True
Is 13 a factor of 8046832?
False
Is 13 a factor of 1953263?
True
Is 23017 a multiple of 39?
False
Does 61 divide 134932?
True
Is 26 a factor of 843579?
False
Does 19 divide 188062?
True
Is 3705300 a multiple of 18?
True
Is 233 a factor of 2867997?
True
Does 56 divide 61936?
True
Is 1048923 a multiple of 1893?
False
Is 321 a factor of 5959044?
True
Is 86 a factor of 3683769?
False
Is 1792626 a multiple of 314?
True
Is 41857 a multiple of 190?
False
Is 91403 a multiple of 13?
True
Is 302 a factor of 2712772?
False
Is 18 a factor of 26556?
False
Is 6504768 a multiple of 414?
True
Does 12 divide 14117141?
False
Does 24 divide 66358?
False
Is 252112 a multiple of 4?
True
Is 984023 a multiple of 112?
False
Is 594830 a multiple of 24?
False
Does 14 divide 855120?
True
Is 53 a factor of 89550?
False
Does 29 divide 610306?
False
Does 6 divide 875879?
False
Is 1007 a factor of 60416?
False
Does 16 divide 94513?
False
Does 13 divide 4836?
True
Is 1930203 a multiple of 18?
False
Does 22 divide 104443?
False
Does 65 divide 221715?
True
Does 10 divide 218050?
True
Does 625 divide 20196042?
False
Does 31 divide 427561?
False
Does 377 divide 1589237?
False
Is 682 a factor of 15506493?
False
Does 31 divide 1111111?
False
Is 4414441 a multiple of 1501?
True
Is 11 a factor of 406351?
True
Is 2143762 a multiple of 754?
False
Is 1740704 a multiple of 152?
True
Is 185 a factor of 1558378?
False
Is 9951084 a multiple of 22?
True
Is 5 a factor of 3623343?
False
Is 26 a factor of 83859?
False
Is 74 a factor of 81345?
False
Does 31 divide 359786?
True
Is 2 a factor of 69933?
False
Does 6 divide 2466804?
True
Is 76 a factor of 381140?
True
Is 367843 a multiple of 17?
False
Does 113 divide 27785909?
True
Does 139 divide 125398?
False
Is 433329 a multiple of 41?
True
Does 13 divide 619937?
False
Is 45024 a multiple of 6?
True
Is 36290782 a multiple of 383?
True
Does 28 divide 122939?
False
Does 89 divide 2625589?
True
Is 62 a factor of 6093174?
True
Is 318 a multiple of 9?
False
Does 19 divide 8615892?
True
Is 108780 a multiple of 4?
True
Is 46823 a multiple of 5?
False
Does 11 divide 28140345?
False
Is 17 a factor of 325856?
True
Is 6 a factor of 11934?
True
Is 38 a factor of 212952?
True
Is 16 a factor of 1314640?
True
Does 154 divide 1660120?
True
Does 8 divide 1563057?
False
Is 449 a factor of 13227234?
False
Is 279 a factor of 632548?
False
Is 230 a factor of 205841?
False
Is 18 a factor of 4969409?
False
Is 1008083 a multiple of 17?
True
Is 455202 a multiple of 173?
False
Is 25 a factor of 363975?
True
Is 50 a factor of 412500?
True
Does 32 divide 59808?
True
Is 15658465 a multiple of 258?
False
Does 556 divide 216840?
True
Is 835184 a multiple of 702?
False
Is 13 a factor of 102089?
True
Is 122091 a multiple of 52?
False
Is 195073 a multiple of 151?
False
Is 39 a factor of 30498?
True
Is 51663 a multiple of 3?
True
Is 6033588 a multiple of 18?
False
Is 17244